 + z**3/6 - 5069*z**2. What is j(-16)?
81
Let x = 187 - 179. Let r(s) = 4 + 27*s - 18*s - x*s. What is r(-5)?
-1
Let p(d) = -d**3 - 4*d**2 - 2*d + 2. Let j = -676 - -292. Let y = -387 - j. Give p(y).
-1
Let r(t) = -7*t + 71. Suppose 222*f - 2409 + 189 = 0. Determine r(f).
1
Let c(u) = -29*u + 118. Let p(i) = -25*i + 109. Let n(t) = -5*c(t) + 6*p(t). Calculate n(5).
39
Let g(u) be the first derivative of -u**3/3 - 3*u**2 - 2925. Suppose 4 = -2*l - 4. Let r be l/6*(-21)/(-2). Give g(r).
-7
Let j be (6 - 5)/((-1)/4). Let w be (-1)/10*-64 - j/(-10). Let p(i) = i - 4. Let x be p(w). Let v(g) = -8*g + 3. Give v(x).
-13
Suppose -71*h + 61*h = -30. Let q(c) = -h*c + 4*c + 4 + 3 + 3 - 8. Suppose -4 = -3*n - 22. What is q(n)?
-4
Suppose 3656 = -2*t + 3632. Let m(j) = 4*j + 6. Give m(t).
-42
Let s(t) be the third derivative of t**6/120 - t**5/12 + t**4/6 - t**3/3 + 44*t**2. Suppose 0 = -4*q + 10 + 6. Determine s(q).
-2
Let q be 1/4 - (-99)/36. Let t(f) = -f + 1. Let u(l) = -3*l + 5. Let g(c) = 4*t(c) - u(c). Let p(o) = 5*o + 5. Let w(d) = q*p(d) + 12*g(d). Calculate w(-2).
-3
Let j(y) = -2 + y**3 + 5*y**3 + 9*y**2 - 21 + 9*y - 7*y**3. Calculate j(10).
-33
Let w(o) = 2*o**3 - 10*o**2 - o - 17. Let m(u) = -u**3 + 5*u**2 + u + 9. Let q(y) = 7*m(y) + 4*w(y). Let h = 12 + -59. Let l = -43 - h. Calculate q(l).
-9
Let c(d) be the third derivative of d**5/60 + d**4/8 + 2*d**3/3 - 2552*d**2. Give c(0).
4
Let v(c) = 2*c + 41. Let t(q) = 19*q - 139. Let n(f) = t(f) + 4*v(f). Calculate n(-1).
-2
Let o(k) = -k**2 + 3*k - 9. Let j(w) be the second derivative of 4*w**2 + 0 + 1/12*w**4 + 11*w - 1/2*w**3. Let l(s) = -4*j(s) - 3*o(s). Calculate l(5).
-15
Let b(d) = -10*d**2 - 243*d + 14. Let a be b(-24). Suppose -78 = -4*m - a, 0 = -4*v - 5*m - 10. Let h(o) = o**2 - 5. Calculate h(v).
-5
Let u(x) = -57*x - 4454. Let v be u(-78). Let i(y) = -y**2 + 4*y + 97. Give i(v).
1
Let d be 12*12/16*34/51. Let p(u) = -u**2 + 13*u - 43. Calculate p(d).
-1
Let t(p) = -4*p**3 + p**2 - p - 3. Let f be (-70)/(-210) - 4/3. Calculate t(f).
3
Suppose -2*i = -3*z + 1, -5 = -2*i - 2*i + 7*z. Let c(t) = -12*t - 41. Give c(i).
91
Let d = 170 + -170. Let t(z) = -3*z + 8 + 12 - 1 + 2*z + d. What is t(0)?
19
Let g(f) = -2*f**2 + 6*f - 1. Suppose -10*b + 7*b + 33 = 0. Let v be 29 + b - (-6 - -2). Let y be v/10 - 20/50. Determine g(y).
-9
Let g(o) = o**3 - 10 + 0 - 75*o**2 + 65*o**2 + 11*o. Suppose -80*u + 84*u = 2*p + 36, -3*p - 27 = -3*u. Calculate g(u).
8
Suppose -5*r + 2*o - 39 = 0, 6*r - 9*r = o + 8. Let n(m) = 9*m + 42. Give n(r).
-3
Suppose -3*u - 26 + 20 = 0, -3*o + 44 = -4*u. Let r(t) = 10 + o + 4*t - 24. Determine r(4).
14
Let g(y) be the second derivative of 4*y**3/3 - 195*y**2/2 - 11*y + 61. What is g(25)?
5
Let v(a) = -a**2 + 14*a - 83. Let s(c) = -c**2 + 15*c - 84. Let f(g) = 5*s(g) - 4*v(g). Give f(9).
2
Let z(c) = -14*c - 97. Let r(y) = -9*y - 98. Let f(q) = -6*r(q) + 5*z(q). What is f(6)?
7
Let c(z) be the second derivative of z**4/12 - 2*z**3 - 2*z**2 - z. Suppose -12 = 7*m - 2*m - 62, 0 = 3*d + 3*m - 69. Determine c(d).
9
Let a(l) = -20*l**3 + 57*l**2 - 22*l - 319. Let w(k) = 7*k**3 - 19*k**2 + 8*k + 108. Let h(y) = -6*a(y) - 17*w(y). What is h(19)?
2
Let u(o) = o + 3. Let w(c) = c + 39. Let z be w(0). Let l = z + -39. Suppose 4*d + 2*d + 24 = l. What is u(d)?
-1
Let d(s) = -7*s + 0*s**3 + 2*s**2 + 3 - 6*s**2 - 3*s**3 + 8*s + 2*s**3. Let p = -320 - -317. Calculate d(p).
-9
Let b(v) = v**2 - 5*v + 3. Suppose -2*h + 5*h = -w + 13, 2*w + 4 = 4*h. Suppose f + 45 = 5*a, w = f + 9. Suppose i + 4 = a. Calculate b(i).
-1
Let s(k) = -6*k + 21 + 5*k - 4*k + 0*k. Let z be s(4). Let n(l) = -z + 3 + 16*l - 6 - 18*l. What is n(4)?
-12
Let i = -257 + 265. Let p(x) = 90*x**2 + 17*x - 89*x**2 - i - 22*x. Let u be 6 + (-3 + 2)*-1. What is p(u)?
6
Suppose 5*c = 6*c + 4*c. Let i(y) be the first derivative of -58 + 0*y**2 + 5*y + 1/3*y**3. Give i(c).
5
Let f(u) be the second derivative of -u**4/6 + u**3/2 - u**2 - u. Let b(h) = h**2 - 176*h - 1857. Let a be b(-10). Determine f(a).
-11
Let h(l) = l + 1. Let m be (-4)/1 + 2/2. Let w be (50/(-20) + 3)/(2/(-4)). Let n(i) = -2*i - 2. Let t(x) = m*h(x) + w*n(x). Calculate t(-8).
7
Let t(w) = w**2 - 3*w - 1. Let k be 3/(-36) - (-7691)/(-12). Let i = k + 644. Determine t(i).
-1
Let j(n) be the second derivative of n**3/6 + n**2 + n - 1539. Let g = 15 + -21. Determine j(g).
-4
Let b be 8/(0 + (6 - 4)). Let o(r) = 3 - r - b*r**2 - 6*r**2 + 8*r**2. What is o(3)?
-18
Let v(j) = -3*j**2 + 3*j + 57. Let d(f) = 3*f**2 - 4*f - 46. Let i(b) = 5*d(b) + 4*v(b). Determine i(2).
-6
Let u(m) = -4*m**3 + m**2 - 9*m - 1. Let n(y) = 22*y**3 - 4*y**2 + 45*y - 68. Let j(a) = n(a) + 5*u(a). Give j(0).
-73
Suppose -2*o = -o + q + 23, 3*q - 71 = 4*o. Let x = 15 + o. Let s(t) be the third derivative of t**6/120 + t**5/20 - t**4/4 + t**3 + t**2. Calculate s(x).
-14
Let a = -516 + 519. Suppose -5*r = z + 32, 7*r - 5*z + 14 = a*r. Let y(o) = -2*o**2 - 9*o. Give y(r).
-18
Let s(k) be the third derivative of -k**7/840 + k**6/45 + k**5/10 + k**4/6 - 79*k**3/6 + 71*k**2. Let c(i) be the first derivative of s(i). Give c(9).
31
Let q(o) = -4*o - 6. Let z(w) = -9*w - 18. Suppose -181 + 11 = 34*i. Let a(t) = i*q(t) + 2*z(t). What is a(8)?
10
Let y be ((-20)/35)/(58/(-1015)). Let c(p) = p + 62. What is c(y)?
72
Let i(u) = 2*u**3 - 24*u**2 - 28*u + 22. Let y(h) = -2*h**2 + 37*h - 155. Let r be y(8). Determine i(r).
-4
Suppose 0*r - 17 = 5*r + 2*a, 5*r = -5*a - 20. Let k(d) be the third derivative of d**4/8 + d**3/2 + 9*d**2. Calculate k(r).
-6
Let q(w) = -3*w. Suppose 0*p + 5*p = 0. Suppose 4*b = -213 + 237. Suppose -7*u + u + b = p. Give q(u).
-3
Let n(d) = -6*d - 86. Suppose -310*u = -135*u + 2275. Give n(u).
-8
Suppose 0 = -5*v - 3*n - 64, 3*v - 10*n + 93 = -4*n. Let c(j) = -2*j**3 - 33*j**2 + 20*j + 53. What is c(v)?
2
Suppose 18 = -37*g + 31*g. Let p(s) = -8*s - 4. Let o(h) = 23*h + 13. Let w(f) = g*o(f) - 8*p(f). Calculate w(-2).
3
Let h be 10 + (-12)/(-24)*-26. Let k(q) = -q**3 - 6*q**2 + 6*q - 6. Let u be k(-7). Let r(x) = -1 - u - x**2 - 2 - 3*x + 0*x. Determine r(h).
-4
Let b(a) be the first derivative of -a**5/60 + a**4/3 + a**3/6 - a**2/2 - 25*a - 45. Let d(m) be the second derivative of b(m). Calculate d(9).
-8
Let q(y) = -y**3 + 4*y**2 + 1. Let p(k) = -6*k**2. Let l be p(2). Let r = -22 - l. Suppose -4 = -r*x - 10, -3*w = 3*x. Determine q(w).
10
Suppose -f + 162 = -4*m + 160, 2*f + 5*m + 87 = 0. Let y(b) = b**3 + 26*b**2 - 3*b - 70. Determine y(f).
8
Let v be (-12)/(-28) + (-165)/(-7). Let k = -20 + v. Let r(c) = -c**2 - 2 - 3 + 8*c**2 - 6*c**2 - 4*c. Determine r(k).
-5
Let o(n) = 3*n**2 + 7*n - 4. Suppose 5*r - 26 = -6. Let q(a) = -a**2 + 1. Let x(d) = r*q(d) + o(d). Calculate x(6).
6
Let l(s) = 100 - 2*s - 93 - s + 25*s**2. Let y(h) = 24*h**2 - 2*h + 5. Let p(f) = 2*l(f) - 3*y(f). What is p(-1)?
-23
Let n(b) = -b - 7. Suppose 2*j - 3*u - 56 = 0, -54 = -j + 3*u - 20. Let w(f) = f - 5. Let c be w(5). Suppose 10*t + 68 + j = c. Determine n(t).
2
Let d(a) be the second derivative of a**5/6 - 3*a**2/2 + 2*a. Let n(j) be the first derivative of d(j). Suppose 16*r = -4*r - 4*r - 24. Give n(r).
10
Let m = -53 - -55. Suppose 24*c = 25*c - m. Suppose -4 + 8 = -c*b. Let v(o) = 2*o**3 - o. Give v(b).
-14
Suppose 4*b - 24 = -4*s, 4 + 4 = -4*b. Let p(c) = c - 6*c + 3 + s*c. Calculate p(-6).
-15
Let x be 2600/715 - 8/(-22). Let f(k) = -k + 41. Give f(x).
37
Let w(n) = 7 - 10*n + 7*n - 3*n + n - 4*n. Give w(3).
-20
Suppose -2*g + 4 = -0*g. Let v be (-2 - (-44)/20)/(10/250). Suppose -2*f + 7 = m, -g*f - 2 + 5 = v*m. Let u(r) = 4*r - 1. What is u(m)?
-5
Let l be (-6 - -14) + 96/(-8). Let s(t) = -t + 6 + 0*t + 5*t. What is s(l)?
-10
Suppose 3*l = 2*j + 33, -9*l - 11 = -13*l - j. Let k be 1 + 6/(-2) - -7. Let y(m) = 5*m**3 - 1 + 4*m**2 + k*m - 6*m**3 + 0. What is y(l)?
-1
Let s(a) = 7*a - 4. Suppose -5*v + 5*n - 22 - 3 = 0, 0 = -5*v - n - 25. Let j(b) = 10*b - 6. Let i(h) = v*j(h) + 7*s(h). Suppose 44*o - 126 = -19*o. Give i(o).
0
Suppose 0*m - 12 = 2*m. Let a(s) = -s - 2. Let t = 22796 - 22797. Let h(b) = 7*b + 21. Let j(u) = m*a(u) + t*h(u). What is j(-5)?
-4
Let q(g) = -4*g**2 + 31*g - 12. Let r(y) = 4*y**2 - 30*y + 13. Let a(u) = -2*q(u) - 3*r(u). Give a(6).
9
Let a = -49 + 59. Let l be ((-